2 - 42*i - 254. Give h(-8).
-46
Let d(s) = s - 209. Calculate d(-20).
-229
Let r(l) = 307*l - 479. Determine r(3).
442
Let x(j) = -j**2 + 11*j - 81. What is x(13)?
-107
Let k(x) = -2597*x - 38960. Determine k(-15).
-5
Let s(z) = -z**3 + 92*z**2 - 89*z - 179. Determine s(91).
3
Let h(x) = 129*x + 9796. Determine h(-76).
-8
Let r(i) = -11*i**2 - 419*i - 11. What is r(-38)?
27
Let n(v) = 490*v + 2981. Give n(-6).
41
Let u(x) = -15243*x + 167672. Determine u(11).
-1
Let v(d) = -8*d + 15. What is v(1)?
7
Let l(m) = 5*m**2 - 6*m - 86. Calculate l(14).
810
Let t(v) = 1439*v - 102176. Calculate t(71).
-7
Let n(p) = -p**3 + 59*p**2 - 493*p + 120. Determine n(49).
-27
Let p(n) = 10867*n - 21743. Give p(2).
-9
Let q(u) = 3*u**2 + 8*u - 12. Give q(-6).
48
Let x(k) = -2*k**2 - k + 358. Calculate x(13).
7
Let x(n) = -n**3 - 76*n**2 + 155*n - 74. Give x(-78).
4
Let i(y) = -2*y**3 - 4*y**2 + 25*y - 69. What is i(6)?
-495
Let i(y) = -44*y - 355. What is i(-9)?
41
Let q(k) = 614*k + 4889. Determine q(-8).
-23
Let u(i) = 5*i**2 - 62*i - 15. What is u(12)?
-39
Let h(u) = 585*u + 15198. Calculate h(-26).
-12
Let u(q) = -2*q**2 - 5*q + 98. Give u(-12).
-130
Let m(c) = 2875*c - 8663. What is m(3)?
-38
Let h(w) = -5*w**2 + 197*w - 399. Give h(2).
-25
Let i(f) = 4125*f + 24744. What is i(-6)?
-6
Let o(p) = 38*p**2 + 96*p + 68. What is o(-1)?
10
Let m(l) = l**2 - 48*l + 231. Determine m(6).
-21
Let m(c) = -729*c + 24044. Determine m(33).
-13
Let u(v) = -3*v**2 - 101*v - 854. Calculate u(-18).
-8
Let o(z) = 7*z**2 + 495*z + 2167. Give o(-66).
-11
Let o(x) = -16*x - 929. What is o(-53)?
-81
Let z(m) = -m**3 - 14*m**2 - 55*m - 117. Give z(-10).
33
Let x(k) = 12*k + 423. Give x(-35).
3
Let m(n) = -n**3 + 143*n**2 + 878*n + 2363. Give m(149).
-21
Let q(l) = -49*l + 864. Give q(20).
-116
Let t(w) = -w**2 - 3*w. What is t(-3)?
0
Let v(c) = -917*c - 10092. What is v(-11)?
-5
Let h(w) = -w**3 - 4*w**2 + 23*w + 13. What is h(4)?
-23
Let t(p) = 7*p**3 - 40*p**2 - 18*p + 79. What is t(6)?
43
Let s(j) = -39*j + 464. Calculate s(16).
-160
Let y(z) = 13*z**2 - z + 76. Give y(-7).
720
Let c(i) = -5*i**2 + 1442*i - 22302. Give c(272).
2
Let o(x) = -x**2 + 2831*x - 16940. Give o(6).
10
Let v(b) = -2*b**3 - 7*b**2 + 92*b + 395. What is v(-4)?
43
Let f(k) = k**2 + 70*k - 16460. Calculate f(98).
4
Let d(a) = 1053*a + 5303. Calculate d(-5).
38
Let o(w) = -263*w - 1575. What is o(-6)?
3
Let b(w) = w**3 + 20*w**2 - 14*w + 90. Give b(-21).
-57
Let k(y) = 5*y - 55. Determine k(11).
0
Let n(t) = -6*t - 129. Determine n(-9).
-75
Let s(d) = -19*d - 22. Determine s(15).
-307
Let b(w) = w**3 - 16*w**2 + 53*w - 12. Calculate b(6).
-54
Let s(g) = -14*g + 166. Calculate s(-21).
460
Let y(b) = -14*b - 269. What is y(-24)?
67
Let c(a) = -3*a**3 - a**2 + 9*a - 6. Give c(4).
-178
Let g(q) = -q**2 - 127*q + 733. Determine g(-133).
-65
Let d(v) = -27*v + 623. Calculate d(24).
-25
Let l(d) = -3*d**3 - 14*d**2 - 21*d. Calculate l(-5).
130
Let n(j) = -j**2 - 3*j - 11. What is n(-2)?
-9
Let w(g) = 2*g**2 + 101*g + 1316. Determine w(-17).
177
Let f(m) = -50*m**3 - 10*m**2 + 9*m + 1. Determine f(1).
-50
Let x(c) = -c**2 - 33*c - 277. What is x(-25)?
-77
Let n(b) = -b**3 + 18*b**2 - 21*b - 210. What is n(16)?
-34
Let w(i) = i**2 + 8965*i + 53760. Give w(-6).
6
Let f(y) = -3*y**3 + 12*y**2 - 15*y + 2. What is f(4)?
-58
Let i(b) = 325*b + 1342. Give i(-4).
42
Let y(q) = -5*q**3 + 2*q**2 + 6*q + 107. Determine y(-5).
752
Let w(s) = s**3 + 23*s**2 + 20*s - 24. Calculate w(-22).
20
Let s(n) = -n**3 - 12*n**2 - 40*n - 29. What is s(-6)?
-5
Let d(c) = 20*c**2 + 98*c - 7. Determine d(-5).
3
Let s(w) = -w**3 - 339. What is s(0)?
-339
Let z(j) = -5*j**2 + 348*j - 3368. Determine z(10).
-388
Let r(u) = u**2 - 27*u - 53. Calculate r(-4).
71
Let f(j) = -3*j**3 - 71*j**2 - 49*j - 15. What is f(-23)?
54
Let m(k) = -200*k - 1139. What is m(-5)?
-139
Let d(n) = -2*n**2 - 184*n + 323. What is d(-94)?
-53
Let g(f) = -f**3 + 25*f**2 + 53*f - 44. Give g(27).
-71
Let i(j) = -j**3 + 84*j**2 - 91*j + 667. Calculate i(83).
3
Let q(l) = 2*l**3 - 17*l**2 - 2*l - 18. What is q(7)?
-179
Let a(q) = 2*q**3 + 37*q**2 - 202*q + 51. Calculate a(-23).
-64
Let i(g) = -6*g**2 - 1207*g - 5892. Give i(-5).
-7
Let d(r) = -2*r**2 - 42*r - 293. What is d(-18)?
-185
Let t(h) = -h**3 + 40*h**2 + 79*h - 1563. Give t(41).
-5
Let y(c) = -8*c + 113. What is y(14)?
1
Let y(l) = -l**3 + 8*l**2 + 28*l - 8. What is y(-3)?
7
Let b(l) = -18*l - 374. Give b(-39).
328
Let d(l) = 163*l + 9662. Determine d(-59).
45
Let c(h) = -15*h - 125. Give c(-19).
160
Let k(c) = -20*c**3 - 1179*c**2 + 62*c + 191. Determine k(-59).
14
Let k(a) = -a**3 + 53*a**2 + 57*a - 374. Determine k(54).
-212
Let u(n) = n**2 - 6*n + 34. Determine u(-13).
281
Let q(c) = -c**2 + 12*c - 24. Give q(1).
-13
Let o(l) = l**3 - 48*l**2 - 103*l + 189. Give o(50).
39
Let q(t) = -42*t - 5063. Determine q(-120).
-23
Let v(k) = -6*k**2 - 87*k + 18. Determine v(-14).
60
Let k(h) = -h**2 + 32*h - 57. Calculate k(32).
-57
Let o(l) = 1147*l + 18350. Give o(-16).
-2
Let f(k) = -5*k**2 + 147*k - 20. Give f(29).
38
Let i(y) = 636*y + 29. Give i(0).
29
Let c(d) = -d**3 + 21*d**2 + 11*d - 37. Give c(21).
194
Let h(l) = 2*l**2 + 6792*l - 13582. Determine h(2).
10
Let r(h) = 224*h**3 - 8*h**2 + 6*h + 1. Determine r(1).
223
Let k(r) = 192*r + 7677. What is k(-40)?
-3
Let b(k) = -3*k**3 + 64*k**2 + 111*k + 176. Calculate b(23).
84
Let d(i) = 18*i**2 - 89*i - 7. Calculate d(5).
-2
Let n(i) = -i**2 + 51*i + 95. Determine n(42).
473
Let l(m) = 81*m - 3716. Calculate l(46).
10
Let v(o) = -o**3 + 28*o**2 - 74*o - 168. What is v(25)?
-143
Let r(u) = -u**3 - 19*u**2 + 2163*u - 192. What is r(-57)?
-21
Let x(g) = g**2 - 22*g + 80. Determine x(10).
-40
Let g(o) = -4*o**2 - 114*o - 94. What is g(-23)?
412
Let y(f) = -f**3 + 91*f**2 - 92*f + 168. What is y(90)?
-12
Let d(w) = -118*w + 1175. What is d(10)?
-5
Let i(p) = 108*p - 23. Calculate i(4).
409
Let j(f) = 7*f - 18. What is j(4)?
10
Let y(o) = -173*o + 5593. Calculate y(32).
57
Let r(t) = 10*t + 297. Give r(-27).
27
Let k(c) = -44*c**2 + 532*c - 46. Give k(12).
2
Let l(f) = -35*f**2 + 328*f + 15. Calculate l(10).
-205
Let g(d) = -14*d**2 + 473*d + 97. Determine g(34).
-5
Let a(c) = -99*c - 3151. What is a(-31)?
-82
Let v(p) = 7*p**2 - 68*p + 19. What is v(9)?
-26
Let y(t) = 9*t**2 - 332*t + 586. Determine y(35).
-9
Let w(s) = -51*s - 1895. Give w(-37).
-8
Let r(o) = 48*o - 439. Give r(9).
-7
Let l(p) = p**2 - 209*p - 49354. Give l(-141).
-4
Let b(m) = -441*m - 34. What is b(-1)?
407
Let p(x) = x**2 + 30*x - 287. What is p(-40)?
113
Let p(n) = -110*n - 545. Give p(-5).
5
Let x(z) = 1128*z + 3370. Give x(-3).
-14
Let g(s) = 42*s + 2371. What is g(-56)?
19
Let b(o) = -o**3 - 4*o**2 + 104*o - 281. Give b(5).
14
Let g(x) = 31*x - 165. What is g(4)?
-41
Let v(a) = -a**3 - 62*a**2 - 114*a - 7060. Give v(-62).
8
Let s(m) = -m**3 - 4*m**2 + 4*m - 33. Calculate s(-6).
15
Let b(r) = -2*r**3 - 226*r**2 + 232*r + 346. Give b(-114).
-110
Let f(d) = -3*d**2 - 8*d + 22. What is f(-5)?
-13
Let h(f) = f**2 + 925*f + 16310. Calculate h(-18).
-16
Let s(k) = -1740*k - 1704. What is s(-1)?
36
Let v(q) = -13*q**2 - 182*q + 5. Calculate v(-14).
5
Let u(n) = 97*n + 484. Give u(-5).
-1
Let a(r) = 796*r**2 - 7943*r - 167. Calculate a(10).
3
Let f(u) = 8*u**2 + 8*u - 2. Give f(-4).
94
Let j(h) = h**3 - 154*h**2 + 115*h + 28732. Determine j(152).
4
Let j(v) = v**3 + 28*v**2 + 58*v - 470. Calculate j(-25).
-45
Let h(s) = s**3 - 21*s**2 + 4*s - 91. What is h(21)?
-7
Let c(b) = -b**2 + 110*b - 112. What is c(109)?
-3
Let k(o) = -2*o**3 - 4*o**2 + 17*o + 31. What is k(-2)?
-3
Let h(l) = -l**2 + 678*l - 2026. Calculate h(3).
-1
Let w(h) = -h**3 + 25*h**2 - 144*h + 6380. What is w(28)?
-4
Let h(o) = -2*o**2 + 71*o - 45. Determine h(10).
465
Let y(q) = 14*q**2 + 18*q + 49. Give y(-4).
201
Let n(p) = -5*p**3 + 105*p**2 - 5*p + 37. Give n(21).
-68
Let j(b) = -b**2 + 490*b + 8603. Calculate j(-17).
-16
Let d(x) = -6*x**2 + 106*x - 102. What is d(10)?
358
Let u(f) = 3*f**3 + 10*f**2 + 26*f + 9. What is u(-6)?
-435
Let c(s) = 555*s - 5061. Determine c(9).
-66
Let w(f) = -f**2 - 43*f - 403. Determine w(-27).
29
Let f(n) = 243*n - 732. Calculate f(3).
-3
Let x(u) = 12*u + 125. What is x(-15)?
-55
Let l(c) = 3*c**3 + 